r when 3037315 is divided by 3.
1
What is the remainder when 36650945 is divided by 3066?
3047
What is the remainder when 110518 is divided by 36502?
1012
Calculate the remainder when 7773324 is divided by 199312.
156
Calculate the remainder when 205624 is divided by 15705.
1459
What is the remainder when 19234818 is divided by 187?
185
Calculate the remainder when 802638 is divided by 117.
18
Calculate the remainder when 646807 is divided by 71756.
1003
What is the remainder when 433758 is divided by 54205?
118
Calculate the remainder when 8873372 is divided by 2957790.
2
What is the remainder when 326190 is divided by 949?
683
What is the remainder when 603100 is divided by 1738?
14
Calculate the remainder when 269910116 is divided by 13.
8
Calculate the remainder when 249220 is divided by 258.
250
What is the remainder when 1761353 is divided by 195696?
89
What is the remainder when 528980 is divided by 7346?
68
Calculate the remainder when 482614 is divided by 970.
524
What is the remainder when 1652426 is divided by 5005?
776
What is the remainder when 844937 is divided by 14?
9
Calculate the remainder when 321227057 is divided by 40153381.
9
What is the remainder when 3206891 is divided by 612?
11
What is the remainder when 32501240 is divided by 213?
209
Calculate the remainder when 83543 is divided by 1943.
1937
What is the remainder when 197457 is divided by 197454?
3
Calculate the remainder when 67912 is divided by 714.
82
What is the remainder when 139079015 is divided by 657?
656
Calculate the remainder when 36732906 is divided by 565.
561
Calculate the remainder when 2876969 is divided by 66906.
11
What is the remainder when 278427 is divided by 1758?
663
What is the remainder when 12155 is divided by 11942?
213
What is the remainder when 44763029 is divided by 161018?
25
Calculate the remainder when 42284 is divided by 10148.
1692
What is the remainder when 122447684 is divided by 85?
84
What is the remainder when 430096 is divided by 373?
27
What is the remainder when 20764 is divided by 6852?
208
Calculate the remainder when 4397654 is divided by 399786.
8
Calculate the remainder when 17820080 is divided by 4455006.
56
What is the remainder when 8653426 is divided by 161?
159
What is the remainder when 178609 is divided by 22081?
1961
What is the remainder when 19196563 is divided by 64?
19
Calculate the remainder when 8986923 is divided by 29758.
7
What is the remainder when 803009 is divided by 98?
95
Calculate the remainder when 520776 is divided by 1021.
66
Calculate the remainder when 1167448 is divided by 35377.
7
What is the remainder when 3824 is divided by 793?
652
What is the remainder when 313617 is divided by 6400?
17
Calculate the remainder when 1337583 is divided by 16.
15
Calculate the remainder when 62947883 is divided by 1463904.
11
Calculate the remainder when 366771 is divided by 210.
111
What is the remainder when 415367 is divided by 41?
37
What is the remainder when 25095 is divided by 2455?
545
Calculate the remainder when 6194328 is divided by 387.
6
What is the remainder when 4172719 is divided by 521588?
15
Calculate the remainder when 2329 is divided by 576.
25
What is the remainder when 29648929 is divided by 225?
4
Calculate the remainder when 1417438 is divided by 13004.
2
Calculate the remainder when 7873359 is divided by 1968337.
11
Calculate the remainder when 448356 is divided by 212.
188
What is the remainder when 3476532 is divided by 2827?
2149
What is the remainder when 125795 is divided by 25033?
630
What is the remainder when 5625667 is divided by 2007?
46
Calculate the remainder when 303867 is divided by 150071.
3725
What is the remainder when 322717 is divided by 505?
22
Calculate the remainder when 263283 is divided by 2268.
195
Calculate the remainder when 42624016 is divided by 666.
16
Calculate the remainder when 6854671 is divided by 2048.
15
Calculate the remainder when 1827698 is divided by 211.
16
Calculate the remainder when 1214654 is divided by 16.
14
What is the remainder when 68409 is divided by 9588?
1293
What is the remainder when 1236358 is divided by 3712?
262
What is the remainder when 196145 is divided by 285?
65
What is the remainder when 187002 is divided by 44553?
8790
What is the remainder when 18470737 is divided by 25?
12
What is the remainder when 665483 is divided by 1757?
1337
Calculate the remainder when 2594446 is divided by 486.
178
What is the remainder when 3694508 is divided by 1069?
44
Calculate the remainder when 3326419 is divided by 70774.
41
What is the remainder when 369065 is divided by 122950?
215
What is the remainder when 238496 is divided by 13228?
392
What is the remainder when 326189 is divided by 635?
434
What is the remainder when 3817083 is divided by 954264?
27
What is the remainder when 8809 is divided by 409?
220
Calculate the remainder when 36071 is divided by 2163.
1463
Calculate the remainder when 645756 is divided by 949.
436
What is the remainder when 7716269 is divided by 2572085?
14
Calculate the remainder when 27145 is divided by 403.
144
Calculate the remainder when 1606701 is divided by 1432.
1429
What is the remainder when 40614262 is divided by 445?
2
Calculate the remainder when 312247 is divided by 185.
152
Calculate the remainder when 119574 is divided by 256.
22
What is the remainder when 42443816 is divided by 564?
560
What is the remainder when 2696698 is divided by 149816?
10
What is the remainder when 14011 is divided by 488?
347
Calculate the remainder when 1076543 is divided by 1076517.
26
Calculate the remainder when 15900441 is divided by 142.
133
What is the remainder when 283096424 is divided by 94365471?
11
Calculate the remainder when 1128406 is divided by 56.
6
What is the remainder when 11811542 is divided by 606?
602
Calculate the remainder when 13170087 is divided by 58795.
7
Calculate the remainder when 62677 is divided by 30961.
755
What is the remainder when 142011 is divided by 105?
51
What is the remainder when 82716206 is divided by 45?
41
What is the remainder when 216548 is divided by 53059?
4312
What is the remainder when 14110 is divided by 1668?
766
What is the remainder when 2059737 is divided by 294243?
36
Calculate the remainder when 3379921 is divided by 131.
121
What is the remainder when 3515301 is divided by 217?
118
Calculate the remainder when 763806 is divided by 1639.
32
Calculate the remainder when 229867 is divided by 1834.
617
What is the remainder when 572872 is divided by 285832?
1208
Calculate the remainder when 24875 is divided by 586.
263
What is the remainder when 6607350 is divided by 4?
2
What is the remainder when 550147 is divided by 509?
427
What is the remainder when 6149946 is divided by 108?
102
What is the remainder when 409783593 is divided by 23?
22
What is the remainder when 265614128 is divided by 194?
192
What is the remainder when 1674528008 is divided by 3754?
3752
Calculate the remainder when 25260233 is divided by 120.
113
What is the remainder when 4131548 is divided by 475?
473
Calculate the remainder when 6852317 is divided by 135.
122
What is the remainder when 4878450 is divided by 148?
74
Calculate the remainder when 2464 is divided by 858.
748
What is the remainder when 826233 is divided by 216?
33
What is the remainder when 220696 is divided by 219465?
1231
What is the remainder when 492143 is divided by 1456?
15
What is the remainder when 5334837 is divided by 630?
627
What is the remainder when 517024 is divided by 34460?
124
Calculate the remainder when 307850 is divided by 872.
34
What is the remainder when 2878734 is divided by 230?
54
Calculate the remainder when 15742 is divided by 2670.
2392
What is the remainder when 220228 is divided by 43732?
1568
What is the remainder when 215062 is divided by 5406?
4228
Calculate the remainder when 931743 is divided by 223.
49
Calculate the remainder when 258992 is divided by 5176.
192
What is the remainder when 525275737 is divided by 53?
51
Calculate the remainder when 10071669 is divided by 1187.
1161
Calculate the remainder when 74088 is divided by 575.
488
What is the remainder when 189192 is divided by 214?
16
Calculate the remainder when 34827 is divided by 4284.
555
Calculate the remainde